7 - -15) + -1 + 1?
3
What is the value of (-5 - (46 - 16)) + (14 - 1)?
-22
Calculate -10 - 2 - (-42 + 16) - 27.
-13
Evaluate 12 - 3 - (-3 + 1).
11
What is the value of -69 + 69 - (-2 - (-11 + 1 + -1))?
-9
What is the value of -1 + -1 + 11 + 11 + -15 + 2?
7
Evaluate -11 + 2 + 17 + -9 - -15.
14
0 - (1 + 11 + 0) - (-10 + 5)
-7
What is -3 - -10 - 1 - (7 - 4)?
3
Evaluate -1 + 13 + -15 + 2 + -23.
-24
What is (12 - 13) + 3 + (-4 - 1)?
-3
30 + (-79 + 38 - -28)
17
What is (-20 - -24) + -25 - -40?
19
What is the value of 9 - (8 - ((-33 - -41) + (0 - 3)))?
6
-2 + -2 + 1 + 3 - (-10 + 8)
2
Evaluate 23 - (23 + -11) - 21.
-10
What is the value of -2 - (10 + 0 + 8 + -8)?
-12
Evaluate -11 - (-4 - (-8 + (36 - 8))).
13
What is 10 + (-4 - (2 + 0))?
4
Evaluate (-2 - -26) + (6 - 20).
10
What is 7 - (1 - (15 - 22)) - -6?
5
Evaluate 3 + 5 + 4 + 1 + (-3 - 2).
8
-1328 + 1321 - (-1 - -17)
-23
Calculate -8 + -8 + 1 + 5 + 9.
-1
What is 3 + (-1 + -4 - -1) + 103 + -98?
4
Evaluate -5 + 9 + -6 - (3 + (3 - 6)).
-2
-468 + 481 - (2 - (9 - -2))
22
Calculate (-5 - 2) + (27 - 28) + (1 - 2).
-9
-17 - (-34 - (15 - 21))
11
(-349 - -380) + 0 + -20
11
What is the value of (-15 - -16) + -10 - -2?
-7
Evaluate (5 - 1) + (208 - 200).
12
12 + 16 + -24 + 14
18
48 + (5 - 3) + -29
21
Calculate -18 - (-1 - 0) - (-13 + (-8 - -13)).
-9
Evaluate (-5 - (-18 + 6)) + 1 - -5.
13
5 - (-23 + 40) - (0 - (-3 - -2))
-13
-7 + (3 - 5 - (-2 + 3))
-10
Calculate (-6 + 1 - (-11 + (7 - 11))) + 1.
11
Evaluate 2 - -25 - (163 - 139).
3
Evaluate -22 + -9 + 6 + 5.
-20
What is the value of 350 + -375 - (-1 + -8)?
-16
What is -207 + 213 + (1 - 18)?
-11
What is the value of -22 - (14 - 33) - -11?
8
-12 + (7 + 9 - 15)
-11
Calculate -1 - 0 - 7 - (26 + -40).
6
What is 151 + -160 - (2 - 17)?
6
What is 20 + 11 + -43 + 41?
29
Evaluate -22 - (0 + -2) - 3 - (-140 + 132).
-15
Evaluate (242 - 245) + 15 + -1.
11
What is the value of (2 - 12) + 3 - (14 + 10 + -49)?
18
What is -24 - (-1 + -3 - 2)?
-18
Calculate -17 + -3 + 13 - (-2 + 6).
-11
Evaluate 1 + 37 + (-66 + 18 - -40).
30
What is 20 + -7 + 1 - (1 + 5)?
8
Evaluate -1 + 5 + 4 + 0.
8
What is -18 + 12 + -2 - 3?
-11
-13 - 2 - (9 + (47 - 58))
-13
Calculate -13 - (-12 + 6 + 4).
-11
(58 - 71 - 3) + (44 - 0)
28
6 - (6 + -4) - (2 - -13)
-11
What is -12 + (3 - 3 - (1 + 1 + 0))?
-14
Evaluate -7 - (-25 - -15) - (5 - (3 - -1)).
2
Calculate 43 + -25 + -4 + (-3 - -10).
21
What is the value of (-5 - (-35 + 23)) + 9?
16
Evaluate -17 + -13 + 17 + 19 - (-11 + 2).
15
-18 - -11 - (-4 + (10 - 7) + 2)
-8
Calculate -19 + 3 - (29 + -3 + -37).
-5
(-3 - 28) + -167 + 178
-20
What is the value of 1 - (-3 - -17) - -17?
4
Evaluate 18 - ((-23 - -65) + -23).
-1
Evaluate -23 - (-13 + 2 + -1).
-11
((-1 - 1) + (-41 - -44) - -1) + -13
-11
-5 + 5 + 0 + (5 - 1)
4
Calculate (28 - (38 + -33)) + -41.
-18
What is the value of (160 - 159) + (-1 - -7 - 3)?
4
What is the value of (0 - -1) + (-33 - 17 - -34)?
-15
What is the value of 2 - (-24 + -6 - -7 - -13)?
12
Evaluate -10 + (-2 - -4) + 2 - -12.
6
What is (-10 - 1) + (32 - 13)?
8
Evaluate 15 + 7 + -31 + 1 + 21.
13
Calculate -2 - (-10 + 26 + -11) - (-3 + -21).
17
What is (32 - 84 - -32) + -1 + (-1 - -1)?
-21
Calculate 3 + (11 + -3 - 29) - -19.
1
Evaluate (-22 - -44 - -8) + -11.
19
What is (-1 + 11 - 10 - 13) + 6?
-7
What is -1 + (0 - 0 - (-47 - -43))?
3
-1 - 2 - (-1 + -13)
11
5 + (-33 - ((25 - 19) + -18))
-16
What is the value of 7 + 20 + 8 + -20?
15
What is (0 + (-2 - -7) - 1) + 7?
11
-21 - (-15 + 60 + -32)
-34
Calculate -2 + -5 + (2 - 2) + -11 + 6.
-12
Evaluate (6 + -4 + 3 - 2) + (-7 - -13).
9
What is the value of 2 + -1 + (6 - 1) - (-698 - -723)?
-19
Calculate -7 + (4 - 6) + 6 + 10 + 4.
11
What is the value of -50 + (-1 - -14) - -13 - -1?
-23
What is 1 + (-8 + -10 + -5 + 0 - -8)?
-14
Evaluate 3406 + -3417 - (-22 - -1).
10
What is (-17 - -25) + (-8 - 5)?
-5
1 + 4 + 48 + -52 + -4 + -6
-9
What is the value of 18 - (-1 - -6 - (-90 + 93))?
16
Evaluate (9 - (-17 - -14)) + -2.
10
What is the value of -6 - (-5 - (13 + 0))?
12
Evaluate -14 - (3 + -13) - (-1 - -4 - 6).
-1
Calculate 1 - 1 - (-2 - (-11 + 0)).
-9
Evaluate -2 + (-6 - 1 - (-5 - -7 - -5)).
-16
What is the value of 7 - (-13 - -9 - -8) - 0?
3
Evaluate 6 - ((-2 - -5 - -14) + -10).
-1
Evaluate 45 - (20 + -21 + 19).
27
Evaluate (-3 - 2) + -27 + (5 - -14).
-13
What is the value of 9 + -23 - -15 - (-2 + (1 - 4))?
6
20 + -24 + 17 + (2 - -1)
16
Calculate 3 - (10 + -1 + -6 + 1).
-1
Evaluate 14 - (25 - 3) - (1 - 1).
-8
Calculate -17 + 10 + 1 - (-12 + 1).
5
Calculate -5 + (22 + -11 - 7) + 18.
17
Calculate -1 + (16 - 0) + 2 + -15.
2
Calculate 4 + (2 - (-6 - (2 - 6))).
8
What is (-1 - (-8 + -4)) + 1?
12
Calculate -7 + -1 + (-4 - (5 - 3) - 2).
-16
Evaluate (7 - 7 - (-8 - 3)) + -9.
2
Calculate 8 - 18 - -8 - ((3 - -5) + -1).
-9
Evaluate -14 + (-7 - (6 + -23 + 6)).
-10
Calculate (17 - (22 + 12)) + 31.
14
Evaluate 4 + -24 + (10 + 10 - 5).
-5
What is the value of 26 - (-16 + 52) - -23?
13
Calculate 16 - (5 - 12 - -9).
14
What is (0 - -15) + 58 + -112 + 49?
10
What is (1 - (13 - 28)) + -15 + 17?
18
What is the value of 34 + -16 + -7 + -10?
1
Evaluate (-18 - (47 - 27)) + 34.
-4
What is 5 + (-3 - 4) - (37 - 25)?
-14
1 + 2 - -1 - (3 - -2 - 13)
12
What is the value of (-235 - -199) + (2 - -24)?
-10
What is -3 + (6 - 15) + 5?
-7
What is the value of (3 - 4 - 3) + (-294 - -297)?
-1
What is -36 - ((-30 - -25) + -18)?
-13
Calculate 15 + (3 - (18 + -5)).
5
13 - (2 + (2 - -8) - (404 + -393))
12
Evaluate (13 + -5 - 16) + 4.
-4
Calculate -23 - (-41 - -29 - -14).
-25
Calculate -1 + -4 + 0 + (13 + 14 - 7).
15
-9 + 1 - (-13 + 0)
5
What is 2 - (-2 + (4 - (11 - 9)))?
2
What is the value of -1 + 6 + (-86 - -82) - -4?
5
Evaluate 0 + -2 + -6 + -1644 + 1670.
18
What is (-5 - (-9 - -3) - 0) + -18 - -6?
-11
What is the value of -30 - (29 - 92) - 27?
6
What is the value of -11 - 7 - (-60 - -54)?
-12
-13 - (-5 + 2 + -10 + -11)
11
What is -30 + (20 - -20) - (-1 - -25)?
-14
Calculate -16 + -12 + 9 - -15.
-4
What is 14 + (4 - 14) + -4?
0
-734 - -719 - (2 + 1)
-18
Calculate 12 - (7 - 5) - (3 + 0).
7
Evaluate (9 - 3) + (-17 - -2) + 5 + 7.
3
What is 15 + -21 + -3 + 3 - 6?
-12
Calculate 1 - -9 - 15 - (19 + -11 + -12).
-1
Calculate (-2 - 7) + (-1 + 3 - -1).
-6
Evaluate 18 - 3 - 7 - 16.
-8
What is the value of (9 - -5 - 5) + -2?
7
What is the value of (11 - 12) + -13 + 32?
18
Calculate (-8 - 0) + (-58 + 66 - (7 - -5)).
-12
-7 + (5 - (-8 - -2 - -10))
-6
Calculate -1 + -7 + -1 - (-1 - 19).
11
What is the value of 10 + (-30 - -16) + (12 - 2)?
6
Evaluate (17 - (0 + 2) - (2 - -6)) + -16.
-9
Calculate -17 - -11 - (-2 + 3 + -2 + -32).
27
Evaluate -562 + 566 + (1 + -24 - (-4 - -1)).
-16
-1 + -22 - (-955 + 946)
-14
What is the value of 5 - (17 + -25 - -6)?
7
What is 5 + (-10 - -9) - (3 - (3 + -6))?
-2
What is 0 + 5 - (7 - (16 + -6))?
8
Calculate 18 - (28 + -13) - -4.
7
-11 + (18 - 12) + (10 - 9) - -24
20
Calculate (26 - (-38 + 28)) + -10.
26
-11 + (2 - -1 - (-1 - 3)) + -5
-9
Calculate -5 - (4 + (8 - 4) + -6).
-7
Calculate 9 + (-47 + 41 - (1 - (-1 - -9))).
10
What is the value of -21 - (-22 - (14 + -22))?
-7
6 + (-4 - 10) - (7 + -14)
-1
Calculate -20 - (-29 - -3 - -18).
-12
What is the value of (-5 - -13) + (-9 - -2)?
1
What is (1 - 13) + 26 + -36 + 28 + -10?
-4
Evaluate (-1 - (1 + 0 - 13)) + (82 - 83).
10
What is the value of (-8 - -1) + (-120 - -126) + 5?
4
What is the value of 18 - -2 - (45 - 19 - 17)?
11
-7 + 1 - (11 + (6 + -35 - 2))
14
Calculate -5 + (15 - 5) + -2.
3
Evaluate (25 + -27 - -38) + -18.
18
Calculate 25 + -1 - (768 + -737).
-7
Calculate -1 + 21 + 16 + -22.
14
What is -6 - -2 - 11 - (-5 + 3 + -4)?
-9
Evaluate 310 + -339 + (2 - (5 + -1 - -2)).
-33
What is 5 + (0 + 13 - 21)?
-3
28 + -18 + -17 + 5 + -4
-6
Calculate (-2 - 19) + (-23 - -16 - -15).
-13
(8 - 20) + 0 + (-2 - -44) + 8
38
Evaluate -14 - (1 + -9 + -5 + 21).
-22
2 + (1 - (-8 + 1)) - 0
10
Evaluate (-14 + (3 - -7) - -4) + (1 - 7).
-6
What is -2 + 10 - (26 - (0 - 1))?
-19
Evaluate (7 - 12) + (-1 - 7) + 23.
10
What is -14 + (-7 - -4) + (0 - (-13 - -8))?
-12
Calculate 31 - (5 + 18 + 1).
7
Calculate (5 - -4) + -1 - (-9 + -5 + 2).
20
Calculate -8 + -7 + -9 + 16 + -4 + -6.
-18
Calculate (-5 - -4) + (-2 - 1) - (15 + -5).
-14
What is the value of 13 - (-5 - 8 - -7) - (0 + 5)?
14
What is -5 + -1 - -5 - -5 - 8?
-4
(-8 